{"id":7,"date":"2018-02-02T16:58:32","date_gmt":"2018-02-02T16:58:32","guid":{"rendered":"http:\/\/faculty.epss.ucla.edu\/~gpeltzer\/?page_id=7"},"modified":"2018-02-02T16:58:32","modified_gmt":"2018-02-02T16:58:32","slug":"cv","status":"publish","type":"page","link":"https:\/\/sites.epss.ucla.edu\/gpeltzer\/cv","title":{"rendered":"CV"},"content":{"rendered":"<p><img decoding=\"async\" src=\"http:\/\/faculty.epss.ucla.edu\/~gpeltzer\/wp-content\/uploads\/2018\/02\/Pano_SouthDV.jpg\" alt=\"South DV\" \/><\/p>\n<p><strong>Gilles Peltzer<\/strong><br \/>\nDepartment of Earth, Planetary and Space Sciences<br \/>\n595 Charles Young Drive East<br \/>\nUniversity of California Los Angeles<br \/>\nLos Angeles, CA 90095-1567<br \/>\n(310) 206-2156 (voice)<br \/>\npeltzer at epss.ucla.edu<\/p>\n<p><strong>Current position<\/strong><br \/>\nProfessor of Geology and Geophysics<\/p>\n<p><strong>Education<\/strong><br \/>\nDoctorat d\u2019Etat, Geophysics, Institut de Physique du Globe, Universit\u00e9 Paris VII, France, 1987<br \/>\nDoctorat (PhD) &#8211; Geophysics, Institut de Physique du Globe, Universit\u00e9 Paris VII, France, 1983<br \/>\nDEA (M.S.) &#8211; Geophysics, Institut de Physique du Globe, Universit\u00e9 Paris VII, France, 1980<br \/>\nB.S. &amp; M.S Engineering, Mechanics &amp; Physics Major, Ecole Polytechnique de Paris, France, 1979<\/p>\n<p><strong>Professional Experience<\/strong><br \/>\nProfessor, Earth Planetary &amp; Space Sciences Department, University of California Los Angeles, 2000-present<br \/>\nResearch Scientist, Jet Propulsion Laboratory, California Institute of Technology, 1990-present<br \/>\nCharg\u00e9 de Recherche, Observatoire Midi-Pyr\u00e9n\u00e9es, CNRS, France, 1992-1993<br \/>\nNational Research Council, Resident Research Associate, Jet Propulsion Laboratory, California Institute of Technology, 1988-1989<br \/>\nCharg\u00e9 de Recherche, Institut de Physique du Globe de Paris, CNRS, 1983-1990<\/p>\n<p><strong>Honors and Awards<\/strong><br \/>\nFellow, American Geophysical Union, 2009<br \/>\nLecturer, Bowie Lecture, American Geophysical Union, 2002<br \/>\nExceptional Scientific Achievement Medal, National Aeronautic and Space Administration, 2002<br \/>\nExceptional Achievement Medal, National Aeronautic and Space Administration, 1997<br \/>\nNational Research Council Fellowship, 1988-1989<\/p>\n<p><strong>Professional Memberships<\/strong><br \/>\nAmerican Geophysical Union<br \/>\nSeismological Society of America<br \/>\nEuropean Geophysical Union<\/p>\n","protected":false},"excerpt":{"rendered":"<p>Gilles Peltzer Department of Earth, Planetary and Space Sciences 595 Charles Young Drive East University of California Los Angeles Los Angeles, CA 90095-1567 (310) 206-2156 (voice) peltzer at epss.ucla.edu Current position Professor of Geology and Geophysics Education Doctorat d\u2019Etat, Geophysics, Institut de Physique du Globe, Universit\u00e9 Paris VII, France, 1987 Doctorat (PhD) &#8211; Geophysics, Institut [&hellip;]<\/p>\n","protected":false},"author":1,"featured_media":0,"parent":0,"menu_order":0,"comment_status":"closed","ping_status":"closed","template":"","meta":{"footnotes":""},"class_list":["post-7","page","type-page","status-publish","hentry"],"_links":{"self":[{"href":"https:\/\/sites.epss.ucla.edu\/gpeltzer\/wp-json\/wp\/v2\/pages\/7","targetHints":{"allow":["GET"]}}],"collection":[{"href":"https:\/\/sites.epss.ucla.edu\/gpeltzer\/wp-json\/wp\/v2\/pages"}],"about":[{"href":"https:\/\/sites.epss.ucla.edu\/gpeltzer\/wp-json\/wp\/v2\/types\/page"}],"author":[{"embeddable":true,"href":"https:\/\/sites.epss.ucla.edu\/gpeltzer\/wp-json\/wp\/v2\/users\/1"}],"replies":[{"embeddable":true,"href":"https:\/\/sites.epss.ucla.edu\/gpeltzer\/wp-json\/wp\/v2\/comments?post=7"}],"version-history":[{"count":0,"href":"https:\/\/sites.epss.ucla.edu\/gpeltzer\/wp-json\/wp\/v2\/pages\/7\/revisions"}],"wp:attachment":[{"href":"https:\/\/sites.epss.ucla.edu\/gpeltzer\/wp-json\/wp\/v2\/media?parent=7"}],"curies":[{"name":"wp","href":"https:\/\/api.w.org\/{rel}","templated":true}]}}